{"id":3678,"date":"2026-03-25T10:44:06","date_gmt":"2026-03-25T09:44:06","guid":{"rendered":"https:\/\/sheilamanicure.com\/?product=kit-soft-gel"},"modified":"2026-05-04T11:49:31","modified_gmt":"2026-05-04T09:49:31","slug":"kit-soft-gel","status":"publish","type":"product","link":"https:\/\/sheilamanicure.com\/?product=kit-soft-gel","title":{"rendered":"Kit soft gel"},"content":{"rendered":"","protected":false},"excerpt":{"rendered":"<p>El Gel X Kit S.B. es el kit perfecto para realizar extensiones de u\u00f1as de forma r\u00e1pida, c\u00f3moda y profesional \ud83d\udc85\u2728<\/p>\n<p>Ideal tanto para t\u00e9cnicas que quieren agilizar su trabajo como para quienes desean conseguir una estructura limpia, resistente y con un acabado impecable.<\/p>\n<p>Un sistema pr\u00e1ctico y completo para crear u\u00f1as elegantes, ligeras y duraderas con un resultado profesional.<\/p>\n<p>\u00bfQu\u00e9 incluye?<\/p>\n<p>1 caja de Soft Gel Tips Short Coffin (550 uds)<\/p>\n<p>1 Strong Top Coat<\/p>\n<p>1 Glue Gel<\/p>\n<p>1 Deshidratador<\/p>\n<p>1 Primer<\/p>\n<p>\u00bfPara qu\u00e9 sirve?<\/p>\n<p>Este kit est\u00e1 dise\u00f1ado para realizar el sistema Gel X \/ Soft Gel Tips, facilitando una aplicaci\u00f3n m\u00e1s r\u00e1pida y uniforme, con una excelente adherencia y un acabado resistente.<\/p>\n<p>Ideal para:<\/p>\n<p>Extensiones r\u00e1pidas y limpias<\/p>\n<p>Ahorrar tiempo en cabina<\/p>\n<p>Conseguir una estructura ligera y bonita<\/p>\n<p>Trabajos profesionales y duraderos<\/p>\n","protected":false},"featured_media":3676,"comment_status":"open","ping_status":"closed","template":"","meta":{"om_disable_all_campaigns":false,"_monsterinsights_skip_tracking":false,"_monsterinsights_sitenote_active":false,"_monsterinsights_sitenote_note":"","_monsterinsights_sitenote_category":0},"product_brand":[],"product_cat":[42,43],"product_tag":[],"class_list":{"0":"post-3678","1":"product","2":"type-product","3":"status-publish","4":"has-post-thumbnail","6":"product_cat-kits","7":"product_cat-ofertas","9":"first","10":"instock","11":"sale","12":"taxable","13":"shipping-taxable","14":"purchasable","15":"product-type-simple"},"aioseo_notices":[],"jetpack_likes_enabled":true,"jetpack_sharing_enabled":true,"_links":{"self":[{"href":"https:\/\/sheilamanicure.com\/index.php?rest_route=\/wp\/v2\/product\/3678"}],"collection":[{"href":"https:\/\/sheilamanicure.com\/index.php?rest_route=\/wp\/v2\/product"}],"about":[{"href":"https:\/\/sheilamanicure.com\/index.php?rest_route=\/wp\/v2\/types\/product"}],"replies":[{"embeddable":true,"href":"https:\/\/sheilamanicure.com\/index.php?rest_route=%2Fwp%2Fv2%2Fcomments&post=3678"}],"wp:featuredmedia":[{"embeddable":true,"href":"https:\/\/sheilamanicure.com\/index.php?rest_route=\/wp\/v2\/media\/3676"}],"wp:attachment":[{"href":"https:\/\/sheilamanicure.com\/index.php?rest_route=%2Fwp%2Fv2%2Fmedia&parent=3678"}],"wp:term":[{"taxonomy":"product_brand","embeddable":true,"href":"https:\/\/sheilamanicure.com\/index.php?rest_route=%2Fwp%2Fv2%2Fproduct_brand&post=3678"},{"taxonomy":"product_cat","embeddable":true,"href":"https:\/\/sheilamanicure.com\/index.php?rest_route=%2Fwp%2Fv2%2Fproduct_cat&post=3678"},{"taxonomy":"product_tag","embeddable":true,"href":"https:\/\/sheilamanicure.com\/index.php?rest_route=%2Fwp%2Fv2%2Fproduct_tag&post=3678"}],"curies":[{"name":"wp","href":"https:\/\/api.w.org\/{rel}","templated":true}]}}