{"id":2562,"date":"2025-07-03T23:06:41","date_gmt":"2025-07-03T21:06:41","guid":{"rendered":"https:\/\/sheilamanicure.com\/?post_type=product&#038;p=2562"},"modified":"2026-03-27T15:28:30","modified_gmt":"2026-03-27T14:28:30","slug":"limas-desechables-doble-cara-soft-mix-100-180","status":"publish","type":"product","link":"https:\/\/sheilamanicure.com\/?product=limas-desechables-doble-cara-soft-mix-100-180","title":{"rendered":"Limas desechables doble cara soft mix 100\/180 con base de madera 25p"},"content":{"rendered":"","protected":false},"excerpt":{"rendered":"<ul>\n<li>Forma recta.<\/li>\n<li>esta caja contiene 25 piezas con bases de madera<\/li>\n<li>Se adaptan perfectamente al tama\u00f1o de la base, por lo que quedan bien fijadas en ella.<\/li>\n<li>Los extremos suaves y seguros de la lima papmAm est\u00e1n hechos de papel artesanal respetuoso con el medio ambiente.<\/li>\n<li>Eliminan la posibilidad de cortar al cliente con la lima durante el trabajo.<\/li>\n<li>Dos caras de trabajo con diferentes combinaciones de valores de grano que se diferencian por el color.<\/li>\n<li>Abrasivo negro Expert &#8211; grano 100\/180.<\/li>\n<li>Abrasivo blanco Expert &#8211; grano 180\/240.<\/li>\n<li>F\u00e1cil colocaci\u00f3n y extracci\u00f3n de la lima de la base.<\/li>\n<li>Herramienta limpia y sin restos de pegamento tras su uso.<\/li>\n<li>Para un solo uso.<\/li>\n<li>Para manicura y pedicura.<\/li>\n<li>Tama\u00f1o de la lima 140*20 mm.<\/li>\n<li>descripci\u00f3n y fotograf\u00edas de staleks.com<\/li>\n<\/ul>\n","protected":false},"featured_media":2563,"comment_status":"open","ping_status":"closed","template":"","meta":{"om_disable_all_campaigns":false,"_monsterinsights_skip_tracking":false,"_monsterinsights_sitenote_active":false,"_monsterinsights_sitenote_note":"","_monsterinsights_sitenote_category":0},"product_brand":[],"product_cat":[23],"product_tag":[],"class_list":{"0":"post-2562","1":"product","2":"type-product","3":"status-publish","4":"has-post-thumbnail","6":"product_cat-staleks","8":"first","9":"instock","10":"taxable","11":"shipping-taxable","12":"purchasable","13":"product-type-simple"},"aioseo_notices":[],"jetpack_likes_enabled":true,"jetpack_sharing_enabled":true,"_links":{"self":[{"href":"https:\/\/sheilamanicure.com\/index.php?rest_route=\/wp\/v2\/product\/2562"}],"collection":[{"href":"https:\/\/sheilamanicure.com\/index.php?rest_route=\/wp\/v2\/product"}],"about":[{"href":"https:\/\/sheilamanicure.com\/index.php?rest_route=\/wp\/v2\/types\/product"}],"replies":[{"embeddable":true,"href":"https:\/\/sheilamanicure.com\/index.php?rest_route=%2Fwp%2Fv2%2Fcomments&post=2562"}],"wp:featuredmedia":[{"embeddable":true,"href":"https:\/\/sheilamanicure.com\/index.php?rest_route=\/wp\/v2\/media\/2563"}],"wp:attachment":[{"href":"https:\/\/sheilamanicure.com\/index.php?rest_route=%2Fwp%2Fv2%2Fmedia&parent=2562"}],"wp:term":[{"taxonomy":"product_brand","embeddable":true,"href":"https:\/\/sheilamanicure.com\/index.php?rest_route=%2Fwp%2Fv2%2Fproduct_brand&post=2562"},{"taxonomy":"product_cat","embeddable":true,"href":"https:\/\/sheilamanicure.com\/index.php?rest_route=%2Fwp%2Fv2%2Fproduct_cat&post=2562"},{"taxonomy":"product_tag","embeddable":true,"href":"https:\/\/sheilamanicure.com\/index.php?rest_route=%2Fwp%2Fv2%2Fproduct_tag&post=2562"}],"curies":[{"name":"wp","href":"https:\/\/api.w.org\/{rel}","templated":true}]}}