{"id":2220,"date":"2024-10-23T22:01:26","date_gmt":"2024-10-23T20:01:26","guid":{"rendered":"https:\/\/sheilamanicure.com\/?post_type=product&#038;p=2220"},"modified":"2025-12-21T20:26:10","modified_gmt":"2025-12-21T19:26:10","slug":"torno-inalambrico-exclusivo","status":"publish","type":"product","link":"https:\/\/sheilamanicure.com\/?product=torno-inalambrico-exclusivo","title":{"rendered":"Torno inal\u00e1mbrico exclusivo"},"content":{"rendered":"<p>Dise\u00f1o en blanco<\/p>\n<p>35.000 revoluciones<\/p>\n<p>doble giro<\/p>\n<p>C\u00f3modo para transportar es inal\u00e1mbrico<br \/>\nal lateral, encontrar\u00e9is los agujeritos para insertar las fresas<\/p>\n","protected":false},"excerpt":{"rendered":"<p>Dise\u00f1o en blanco 35.000 revoluciones doble giro C\u00f3modo para transportar es inal\u00e1mbrico al lateral, encontrar\u00e9is los agujeritos para insertar las fresas<\/p>\n","protected":false},"featured_media":2471,"comment_status":"open","ping_status":"closed","template":"","meta":{"om_disable_all_campaigns":false,"_monsterinsights_skip_tracking":false,"_monsterinsights_sitenote_active":false,"_monsterinsights_sitenote_note":"","_monsterinsights_sitenote_category":0},"product_brand":[],"product_cat":[23],"product_tag":[],"class_list":{"0":"post-2220","1":"product","2":"type-product","3":"status-publish","4":"has-post-thumbnail","6":"product_cat-staleks","8":"first","9":"outofstock","10":"taxable","11":"shipping-taxable","12":"purchasable","13":"product-type-simple"},"aioseo_notices":[],"jetpack_likes_enabled":true,"jetpack_sharing_enabled":true,"_links":{"self":[{"href":"https:\/\/sheilamanicure.com\/index.php?rest_route=\/wp\/v2\/product\/2220"}],"collection":[{"href":"https:\/\/sheilamanicure.com\/index.php?rest_route=\/wp\/v2\/product"}],"about":[{"href":"https:\/\/sheilamanicure.com\/index.php?rest_route=\/wp\/v2\/types\/product"}],"replies":[{"embeddable":true,"href":"https:\/\/sheilamanicure.com\/index.php?rest_route=%2Fwp%2Fv2%2Fcomments&post=2220"}],"wp:featuredmedia":[{"embeddable":true,"href":"https:\/\/sheilamanicure.com\/index.php?rest_route=\/wp\/v2\/media\/2471"}],"wp:attachment":[{"href":"https:\/\/sheilamanicure.com\/index.php?rest_route=%2Fwp%2Fv2%2Fmedia&parent=2220"}],"wp:term":[{"taxonomy":"product_brand","embeddable":true,"href":"https:\/\/sheilamanicure.com\/index.php?rest_route=%2Fwp%2Fv2%2Fproduct_brand&post=2220"},{"taxonomy":"product_cat","embeddable":true,"href":"https:\/\/sheilamanicure.com\/index.php?rest_route=%2Fwp%2Fv2%2Fproduct_cat&post=2220"},{"taxonomy":"product_tag","embeddable":true,"href":"https:\/\/sheilamanicure.com\/index.php?rest_route=%2Fwp%2Fv2%2Fproduct_tag&post=2220"}],"curies":[{"name":"wp","href":"https:\/\/api.w.org\/{rel}","templated":true}]}}