{"id":1284,"date":"2024-02-02T17:05:43","date_gmt":"2024-02-02T16:05:43","guid":{"rendered":"https:\/\/sheilamanicure.com\/?post_type=product&#038;p=1284"},"modified":"2025-07-22T21:15:20","modified_gmt":"2025-07-22T19:15:20","slug":"lima-abovedada-de-plastico-base-expert-40","status":"publish","type":"product","link":"https:\/\/sheilamanicure.com\/?product=lima-abovedada-de-plastico-base-expert-40","title":{"rendered":"Lima Abovedada De Pl\u00e1stico (Base) EXPERT 40"},"content":{"rendered":"<ul>\n<li>Hecho de pl\u00e1stico altamente resistente.<\/li>\n<li>Peso ligero.<\/li>\n<li>C\u00f3modo para trabajar.<\/li>\n<li>Lado abovedado se recomienda para pulir los pliegues laterales de la u\u00f1a y trabajar los callos en los dedos de los pies.<\/li>\n<li>Apto para desinfectar y esterilizar en fr\u00edo con soluciones especializadas.<\/li>\n<\/ul>\n<p>IMPORTANTE! No apto para esterilizaci\u00f3n con altas temperaturas y en autoclave.<\/p>\n<ul>\n<li>descripci\u00f3n y fotograf\u00edas de staleks.com<\/li>\n<\/ul>\n","protected":false},"excerpt":{"rendered":"<p>Hecho de pl\u00e1stico altamente resistente. Peso ligero. C\u00f3modo para trabajar. Lado abovedado se recomienda para pulir los pliegues laterales de la u\u00f1a y trabajar los callos en los dedos de los pies. Apto para desinfectar y esterilizar en fr\u00edo con soluciones especializadas. IMPORTANTE! No apto para esterilizaci\u00f3n con altas temperaturas y en autoclave. descripci\u00f3n y [&hellip;]<\/p>\n","protected":false},"featured_media":1286,"comment_status":"open","ping_status":"closed","template":"","meta":{"om_disable_all_campaigns":false,"_monsterinsights_skip_tracking":false,"_monsterinsights_sitenote_active":false,"_monsterinsights_sitenote_note":"","_monsterinsights_sitenote_category":0},"product_brand":[],"product_cat":[23],"product_tag":[],"class_list":{"0":"post-1284","1":"product","2":"type-product","3":"status-publish","4":"has-post-thumbnail","6":"product_cat-staleks","8":"first","9":"instock","10":"featured","11":"taxable","12":"shipping-taxable","13":"purchasable","14":"product-type-simple"},"aioseo_notices":[],"jetpack_likes_enabled":true,"jetpack_sharing_enabled":true,"_links":{"self":[{"href":"https:\/\/sheilamanicure.com\/index.php?rest_route=\/wp\/v2\/product\/1284"}],"collection":[{"href":"https:\/\/sheilamanicure.com\/index.php?rest_route=\/wp\/v2\/product"}],"about":[{"href":"https:\/\/sheilamanicure.com\/index.php?rest_route=\/wp\/v2\/types\/product"}],"replies":[{"embeddable":true,"href":"https:\/\/sheilamanicure.com\/index.php?rest_route=%2Fwp%2Fv2%2Fcomments&post=1284"}],"wp:featuredmedia":[{"embeddable":true,"href":"https:\/\/sheilamanicure.com\/index.php?rest_route=\/wp\/v2\/media\/1286"}],"wp:attachment":[{"href":"https:\/\/sheilamanicure.com\/index.php?rest_route=%2Fwp%2Fv2%2Fmedia&parent=1284"}],"wp:term":[{"taxonomy":"product_brand","embeddable":true,"href":"https:\/\/sheilamanicure.com\/index.php?rest_route=%2Fwp%2Fv2%2Fproduct_brand&post=1284"},{"taxonomy":"product_cat","embeddable":true,"href":"https:\/\/sheilamanicure.com\/index.php?rest_route=%2Fwp%2Fv2%2Fproduct_cat&post=1284"},{"taxonomy":"product_tag","embeddable":true,"href":"https:\/\/sheilamanicure.com\/index.php?rest_route=%2Fwp%2Fv2%2Fproduct_tag&post=1284"}],"curies":[{"name":"wp","href":"https:\/\/api.w.org\/{rel}","templated":true}]}}